
112222
In base 2, what is -10010110 - -101111?
-1100111
In base 13, what is 5 - 9b7?
-9b2
In base 13, what is 9258 - -3?
925b
In base 10, what is -20896 + 0?
-20896
In base 6, what is -4 + -1203313?
-1203321
In base 2, what is 100110000101011110110 + 11?
100110000101011111001
In base 3, what is 21211212011 + -2?
21211212002
In base 13, what is 91 - -52aa?
536b
In base 10, what is -8 - -8674?
8666
In base 5, what is -2110431 + -102?
-2111033
In base 3, what is 2 - -22222021220?
22222021222
In base 6, what is 4 + -35?
-31
In base 11, what is -4275 - 0?
-4275
In base 15, what is -127bd + 3?
-127ba
In base 13, what is -1b04 + 2?
-1b02
In base 5, what is -11223 + -344?
-12122
In base 3, what is 220 + 2021222?
2022212
In base 5, what is -10023 + 303?
-4220
In base 16, what is 81 + -3a?
47
In base 3, what is -1210110 + -1121?
-1212001
In base 10, what is -1 - -11252?
11251
In base 10, what is 4 - -1105284?
1105288
In base 3, what is 101 - -202221210?
202222011
In base 5, what is 443320 + 3?
443323
In base 15, what is 3 - d51?
-d4d
In base 13, what is -1005c - 10?
-1006c
In base 14, what is 11 + -1d027?
-1d016
In base 3, what is -22121020000 + -10?
-22121020010
In base 5, what is 4 - -3200012?
3200021
In base 13, what is -2449 + -ac?
-2528
In base 7, what is -15 + 10161?
10143
In base 13, what is 4 + -6961?
-695a
In base 13, what is 8b1a + 0?
8b1a
In base 2, what is 100111 + 110111011110100?
110111100011011
In base 5, what is -21201041 + -1?
-21201042
In base 10, what is -79348 + 10?
-79338
In base 12, what is 21b540 - -3?
21b543
In base 12, what is 1 + -95a29?
-95a28
In base 11, what is 13098 - 3?
13095
In base 14, what is 0 - -c29?
c29
In base 5, what is 341 + -20334?
-14443
In base 12, what is -146 + -53?
-199
In base 16, what is -9ca + -111?
-adb
In base 12, what is 14 - 16610?
-165b8
In base 7, what is 464 - 32104?
-31310
In base 10, what is 3024 + -580?
2444
In base 9, what is -50 + 13726?
13666
In base 8, what is -430 - 660?
-1310
In base 15, what is 268 - 107c?
-d14
In base 3, what is -122022 - 11110?
-210202
In base 12, what is 5506 - 4?
5502
In base 15, what is 57 + -601?
-599
In base 13, what is 4b11 + -6?
4b08
In base 5, what is 1310034 + -21?
1310013
In base 5, what is -4141 + -24443?
-34134
In base 12, what is -4432 - 87?
-44b9
In base 14, what is b31 - -c0?
c11
In base 16, what is bd - -1439?
14f6
In base 6, what is 12144455 + 2?
12144501
In base 12, what is -93 - -15a?
87
In base 9, what is 36 - 2807?
-2761
In base 2, what is 0 + 101110110100000?
101110110100000
In base 5, what is 2030134 + 14?
2030203
In base 15, what is 5c26 + 5?
5c2b
In base 2, what is -111001011 - -10?
-111001001
In base 10, what is 94278 + 3?
94281
In base 16, what is 19a1 + -3?
199e
In base 9, what is -1058 - 86?
-1155
In base 14, what is 1a61c + -4?
1a618
In base 10, what is -676 - 56?
-732
In base 6, what is -514023 + 220?
-513403
In base 3, what is -102212111002 - 2?
-102212111011
In base 15, what is -5390 - a?
-539a
In base 2, what is -1100000001 - -11?
-1011111110
In base 12, what is -4178 + -3?
-417b
In base 16, what is -8 + 6207e?
62076
In base 12, what is 5 + 139a6?
139ab
In base 15, what is 39d1 + -3?
39cd
In base 2, what is 1000111 + -1101100?
-100101
In base 4, what is 11 - 332230111?
-332230100
In base 8, what is -427630 - 2?
-427632
In base 2, what is 100010111001000101 + 1101?
100010111001010010
In base 14, what is -1 - 11c07?
-11c08
In base 3, what is -222 - -202212?
201220
In base 2, what is 10101001110 - -110000000011?
1000101010001
In base 4, what is 11 + 1101033?
1101110
In base 10, what is -16 + 35386?
35370
In base 13, what is 5 - -38ca5?
38caa
In base 13, what is -38c + 113c?
a80
In base 7, what is -5105 + -2342?
-10450
In base 8, what is 463 - 202?
261
In base 4, what is -31 + -1312232?
-1312323
In base 7, what is 10 - 564?
-554
In base 4, what is 10211113 + 11?
10211130
In base 11, what is -1634 + 1?
-1633
In base 15, what is 5d0ad + 1?
5d0ae
In base 16, what is -f + 65e?
64f
In base 14, what is 2b53 + -d?
2b44
In base 2, what is -110000110011 - -10100?
-110000011111
In base 16, what is 4ab06 + 7?
4ab0d
In base 10, what is 2 + -248654?
-248652
In base 9, what is 3575364 + 0?
3575364
In base 14, what is -1228d + 0?
-1228d
In base 13, what is 5759 - 25?
5734
In base 2, what is -101 - -101101001011001000?
101101001011000011
In base 14, what is -44 - 86?
-ca
In base 5, what is 342220 + -4?
342211
In base 6, what is 503 - -1132?
2035
In base 11, what is -349 - -9a7?
659
In base 13, what is -18 - 2?
-1a
In base 12, what is -5 - -10bb3?
10baa
In base 2, what is -100 + 11110010101001011?
11110010101000111
In base 7, what is -13 - 3262213?
-3262226
In base 10, what is -1 + -306733?
-306734
In base 8, what is 104754 + 1?
104755
In base 4, what is -222 - -323233?
323011
In base 3, what is -2 - -222101102010?
222101102001
In base 11, what is -1188 - 163?
-1340
In base 10, what is -7521 - 255?
-7776
In base 7, what is 1 - 13560?
-13556
In base 3, what is 2101122 + -10202222?
-1101100
In base 7, what is -3 + -50205?
-50211
In base 14, what is 18d2 + 1a?
190c
In base 12, what is 5 - 574020?
-574017
In base 13, what is -10b6 + -15?
-10cb
In base 13, what is 4 + -8c745?
-8c741
In base 2, what is 101010011010111 + -101?
101010011010010
In base 8, what is -3 + -75222?
-75225
In base 8, what is 7751 + -44?
7705
In base 7, what is -1351 + 5?
-1343
In base 11, what is -2a08 + -21?
-2a29
In base 5, what is -44331 + -210?
-100041
In base 7, what is 1451 - 666?
452
In base 10, what is 0 - -1011?
1011
In base 2, what is -1100110001101 - -10011100?
-1100011110001
In base 15, what is -2 - -63be?
63bc
In base 4, what is 201111130 - -12?
201111202
In base 11, what is -7a867 + 3?
-7a864
In base 7, what is 126 + 543?
1002
In base 13, what is -5 + 139b1?
139a9
In base 7, what is 14 - 66236?
-66222
In base 6, what is -1203100 + 5?
-1203051
In base 13, what is 0 + 1845?
1845
In base 14, what is -4 + 371a?
3716
In base 6, what is 133 + 1151?
1324
In base 9, what is 8060 + -5?
8054
In base 15, what is 0 + e70c?
e70c
In base 6, what is 2 + 14145312?
14145314
In base 5, what is 301 + 1100?
1401
In base 9, what is -817 + -441?
-1358
In base 12, what is 5 + 179a5?
179aa
In base 14, what is 3bd - -a?
3c9
In base 4, what is -2 - 3010213?
-3010221
In base 11, what is -18891 + -2?
-18893
In base 11, what is -20497 + -3?
-2049a
In base 9, what is 241 - -253?
504
In base 15, what is c05e7 - 5?
c05e2
In base 16, what is -6c + -64d?
-6b9
In base 8, what is -24 - -1530?
1504
In base 6, what is -235 - 211522?
-212201
In base 5, what is 2 - -22032441?
22032443
In base 5, what is 0 + 301302?
301302
In base 11, what is 0 + a1902?
a1902
In base 16, what is -2 - 16f2?
-16f4
In base 15, what is -161ca - -15?
-161b5
In base 10, what is 279070 - -5?
279075
In base 11, what is a19 + 52?
a70
In base 7, what is -5 + -3020016?
-3020024
In base 7, what is -10 - 34320?
-34330
In base 2, what is 0 - 111000011100111?
-111000011100111
In base 16, what is 1765a + 1?
1765b
In base 12, what is 1506 + 11?
1517
In base 13, what is 4 + 21037?
2103b
In base 15, what is -327 - e?
-336
In base 10, what is 24 + -32824?
-32800
In base 13, what is 2848 + -3?
2845
In base 12, what is 2 - a403?
-a401
In base 9, what is -566 + 47?
-518
In base 6, what is -24332 + 102?
-24230
In base 4, what is -212 + -12131?
-13003
In base 10, what is 66129 + 52?
66181
In base 9, what is 214 + -552?
-337
In base 13, what is -8 + 579c?
5794
In base 2, what is -110011 + 110101011101110?
110101010111011
In base 13, what is 75028 - -2?
7502a
In base 14, what is -14b - 73?
-1c0
In base 5, what is 120001 - 10?
114441
In base 15, what is a63a + -7?
a633
In base 2, what is -10000111100101 + -10100?
-10000111111001
In base 10, what is -3 + -258612?
-258615
In base 7, what is 645 - 14016?
-13041
In base 10, what is 1374900 - 4?
1374896
In base 7, what is 100416 - 51?
100335
In base 2, what is 1001 + 110100101010000011?
110100101010001100
In base 9, what is -136827 + 58?
-136758
In base 16, what is -1 + 7077e?
7077d
In base 15, what is 5 - -12a6?
12ab
In base 10, what is -3 - -54915?
54912
In base 10, what is -73 + 5696?
5623
In base 12, what is 25 + 14?
39
In base 9, what is -13 - 22238?
-22252
In base 7, what is 5422440 - 4?
5422433
In base